{"id":6546,"date":"2023-10-17T17:00:27","date_gmt":"2023-10-17T17:00:27","guid":{"rendered":"https:\/\/spauaz.com\/prensa2\/?page_id=6546"},"modified":"2023-10-17T19:20:21","modified_gmt":"2023-10-17T19:20:21","slug":"funciones-comite-ejecutivo","status":"publish","type":"page","link":"https:\/\/spauaz.com\/prensa2\/funciones-comite-ejecutivo\/","title":{"rendered":"Funciones Comit\u00e9 Ejecutivo"},"content":{"rendered":"<h3>Funciones del Comit\u00e9 Ejecutivo descritas en los Estatutos del Sindicato del Personal Acad\u00e9mico de la Universidad Aut\u00f3noma de Zacatecas, reformados en septiembre de 1994.<\/h3>\n<p>ART\u00cdCULO 38.- Las actividades m\u00e1s generales de la Comisi\u00f3n de Trabajo y<br \/>\nCapacitaci\u00f3n Sindical son:<\/p>\n<p style=\"padding-left: 40px;\">a. Asumir, junto con el Secretario General, la gesti\u00f3n de las soluciones de los<br \/>\nconflictos laborales, individuales y colectivos.<br \/>\nb. Vigilar y defender el cumplimiento del Contrato Colectivo de Trabajo.<br \/>\nc. Atender y proponer soluciones en las relaciones laborales de los sindicalizados,<br \/>\npromoviendo, en su caso, las demandas legales correspondientes.<br \/>\nd. Llevar registros de las demandas y antecedentes de los conflictos de trabajo que<br \/>\nse presenten.<br \/>\ne. Vigilar que los reglamentos de trabajo sean de acuerdo a lo pactado.<br \/>\nf. Asesorar en las consultas que en materia de derecho laboral presenten los<br \/>\nsindicalizados.<br \/>\ng. Coadyuvar a la soluci\u00f3n en los problemas de los trabajadores en la Comisi\u00f3n<br \/>\nMixta de Promoci\u00f3n.<br \/>\nh. Llevar registro de los miembros del Sindicato, especificando sus antig\u00fcedades,<br \/>\ncarga de trabajo, ubicaci\u00f3n, puntaje, etc.<br \/>\ni. Investigar y demostrar el mayor derecho de los trabajadores en conflicto.<br \/>\nj. Promover la educaci\u00f3n sindical para consolidar la conciencia de los miembros del<br \/>\nSindicato.<br \/>\nk. Elaborar e implementar cursos de capacitaci\u00f3n sindical.<br \/>\nl. Elaborar folletos sobre experiencias sindicales e impulsar su divulgaci\u00f3n.<br \/>\nm. Organizar la biblioteca sindical.<br \/>\nn. Los que la Asamblea General, el Plebiscito, la Coordinadora de Delegados y el<br \/>\nComit\u00e9 Ejecutivo le encomienden.<\/p>\n<p>ART\u00cdCULO 39.- De la Comisi\u00f3n de <em><strong>Admisi\u00f3n, Adscripci\u00f3n y Promoci\u00f3n<\/strong><\/em> son las<br \/>\nsiguientes:<\/p>\n<p style=\"padding-left: 40px;\">a) Elaborar planes en donde se determinen las necesidades del nuevo personal<br \/>\nacad\u00e9mico, as\u00ed como vacantes y puestos de nueva creaci\u00f3n.<br \/>\nb) Elaborar, para someterlo a la aprobaci\u00f3n de la Asamblea General, el reglamento<br \/>\nde admisi\u00f3n.<br \/>\nc) Llevar el registro de todas las solicitudes de admisi\u00f3n.<br \/>\nd) Recibir solicitud de incremento de carga de trabajo de los sindicalizados, as\u00ed como<br \/>\nsolicitud de promoci\u00f3n.<br \/>\ne) Llevar registro detallado, hasta donde sea posible, de las actividades de los<br \/>\nprofesores, para efectos de promoci\u00f3n.<br \/>\nf) Proponer ternas a la Asamblea General para la admisi\u00f3n y promoci\u00f3n conforme a<br \/>\nla informaci\u00f3n de que disponen.<br \/>\ng) Vigilar la correcta aplicaci\u00f3n de los reglamentos para la admisi\u00f3n y promoci\u00f3n del<br \/>\npersonal docente.<br \/>\nh) Elaborar, para someterlo a la aprobaci\u00f3n de la Asamblea General, el reglamento<br \/>\npara la promoci\u00f3n y formular el tabulador que contendr\u00e1 la escala de salarios, la<br \/>\nclasificaci\u00f3n en categor\u00eda y niveles de los profesores de la UAZ.<br \/>\ni) Realizar estudios tendientes a determinar el aumento de los precios, para solicitar<br \/>\nlos aumentos salariales en cada revisi\u00f3n.<br \/>\nj) Propugnar por la nivelaci\u00f3n general de los salarios.<br \/>\nk) Recabar los \u00edndices de precios para efectos de la cl\u00e1usula 65 del Convenio<br \/>\nColectivo de Trabajo.<br \/>\nl) Las que la Asamblea General, el Plebiscito, la Coordinadora de Delegados y el<br \/>\nComit\u00e9 Ejecutivo le encomienden.<br \/>\nm) Convocar a los miembros de la comisi\u00f3n y a\u00fan a las Asambleas delegacionales, al<br \/>\nfinal de cada semestre, para definir la propuesta de distribuci\u00f3n de cargas de<br \/>\ntrabajo para el semestre consecutivo.<\/p>\n<p>ART\u00cdCULO 40.- De la Comisi\u00f3n de <em><strong>Prensa y Propaganda<\/strong><\/em>:<\/p>\n<p style=\"padding-left: 40px;\">a) Promover la publicaci\u00f3n regular de peri\u00f3dicos, revistas y boletines, para difundir el<br \/>\nconjunto de principios del Sindicato, promover el conocimiento de las actividades<br \/>\nque realiza y mantener informados a los sindicalizados de todos los asuntos de<br \/>\ninter\u00e9s colectivo, sindical y acad\u00e9mico.<br \/>\nb) Asumir la direcci\u00f3n de las publicaciones regulares del Sindicato.<br \/>\nc) Organizar campa\u00f1as de propaganda para impulsar los prop\u00f3sitos del Sindicato.<br \/>\nd) Las que la Asamblea General, el Plebiscito. la Coordinadora de Delegados y el<br \/>\nComit\u00e9 Ejecutivo le encomienden.<\/p>\n<p>ART\u00cdCULO 41.- Son funciones de la <em><strong>Secretar\u00eda de Finanzas y Patrimonio<\/strong><\/em>:<\/p>\n<p style=\"padding-left: 40px;\">a) Presentar a la Asamblea General el proyecto de presupuesto para su discusi\u00f3n,<br \/>\nrechazo aprobaci\u00f3n.<br \/>\nb) Recaudar, registrar y administrar los ingresos corrientes y extraordinarios del<br \/>\nSindicato.<br \/>\nc) Entregar oportunamente, a quien proceda, los recursos aprobados y requeridos<br \/>\npara la ejecuci\u00f3n de los acuerdos sindicales.<br \/>\nd) Registrar los egresos ordinarios y extraordinarios conservando los comprobantes<br \/>\nrespectivos.<br \/>\ne) Publicar mensualmente un corte de caja y cada semestre presentar a discusi\u00f3n un<br \/>\ninforme detallado de balance.<br \/>\nf) Integrar un fondo permanente de resistencia.<br \/>\ng) Llevar el inventario de los elementos que constituyen el patrimonio sindical,<br \/>\nvigilando su conservaci\u00f3n y uso adecuado.<br \/>\nh) Llevar la contabilidad de la mutualista e informar semestralmente sobre su estado<br \/>\nde cuentas e incrementar los recursos sindicales mediante los mecanismos que se<br \/>\nconsideren adecuados, a condici\u00f3n de que hayan sido aprobados por las<br \/>\ninstancias sindicales superiores.<br \/>\ni) Las que la Asamblea General, el Plebiscito, la Coordinadora de Delegados o el<br \/>\nComit\u00e9 Ejecutivo le encomienden.<\/p>\n<p>ART\u00cdCULO 42.- Las funciones de la <strong><em>Secretar\u00eda de Relaciones Exteriores y Obreras<\/em><\/strong><br \/>\nson:<\/p>\n<p style=\"padding-left: 40px;\">a) Mantener y ampliar relaciones con otras organizaciones sindicales del estado y del<br \/>\npa\u00eds, de acuerdo con la pol\u00edtica general definida por las m\u00e1ximas instancias<br \/>\nresolutivas del Sindicato.<br \/>\nb) Informar ampliamente y de manera objetiva sobre las diversas posiciones que se<br \/>\nsostengan alrededor de cuestiones de intereses al sindicalismo universitario.<br \/>\nc) Impulsar la solidaridad hacia el SPAUAZ y la coincidencia solidaria con otras<br \/>\norganizaciones en lucha.<br \/>\nd) Las dem\u00e1s que la Asamblea General, el Plebiscito, la Coordinadora de Delegados<br \/>\no el Comit\u00e9 Ejecutivo le encomienden.<\/p>\n<p>ART\u00cdCULO 43.- Las funciones de la<strong><em> Comisi\u00f3n de Prestaciones<\/em><\/strong> son:<\/p>\n<p style=\"padding-left: 40px;\">a) Vigilar el oportuno cumplimiento en la entrega de las diversas prestaciones.<br \/>\nb) Presentar oportunamente, a las instancias superiores, los reglamentos y proyectos<br \/>\nrelativos a prestaciones.<br \/>\nc) Llevar el control de los recursos (bonos. recetas, etc.) que maneja directamente e<br \/>\ninformar de su distribuci\u00f3n.<br \/>\nd) Las dem\u00e1s que la Asamblea General, el Plebiscito, la Coordinadora de Delegados<br \/>\ny el Comit\u00e9 Ejecutivo le encomienden.<\/p>\n<p>ART\u00cdCULO 44.- Las funciones de la <strong><em>Comisi\u00f3n de Asuntos Acad\u00e9micos<\/em><\/strong> son:<\/p>\n<p style=\"padding-left: 40px;\">a) Promover y realizar estudios sobre el nivel que guarda la ense\u00f1anza y la<br \/>\ninvestigaci\u00f3n de la UAZ.<br \/>\nb) Propugnar por la participaci\u00f3n de los miembros en la reforma a los planes de<br \/>\nestudio.<br \/>\nc) Promover la implementaci\u00f3n de programas en investigaci\u00f3n en las \u00e1reas donde<br \/>\nsea factible.<br \/>\nd) Elaborar el programa de formaci\u00f3n de profesores y someterlo a discusi\u00f3n y<br \/>\naprobaci\u00f3n a la Asamblea General.<br \/>\ne) Elaborar programas de actualizaci\u00f3n e incrementarlos una vez que se han<br \/>\naprobado por la Asamblea General.<br \/>\nf) Elaborar planes de profesionalizaci\u00f3n de la ense\u00f1anza y pugnar por \u00e9sta.<br \/>\ng) Tratar por todos los medios a su alcance de elevar el nivel acad\u00e9mico.<br \/>\nh) Participar e impulsar la revista universitaria de ciencia y tecnolog\u00eda.<br \/>\ni) Las dem\u00e1s que la Asamblea General, el Plebiscito, la Coordinadora de Delegados<br \/>\ny el Comit\u00e9 Ejecutivo le encomienden.<\/p>\n<p>ART\u00cdCULO 45.- Las funciones de la <strong><em>Secretar\u00eda de Actividades Culturales<\/em><\/strong> son:<\/p>\n<p style=\"padding-left: 40px;\">a) Promover el desarrollo cultural de los sindicalizados, impulsando la divulgaci\u00f3n,<br \/>\nentre ellos, de las artes.<br \/>\nb) Impulsar\u00e1 la organizaci\u00f3n de talleres art\u00edsticos donde participen los sindicalizados.<br \/>\nc) Divulgar\u00e1 la cultura entre el pueblo.<br \/>\nd) Las que la Asamblea General, el Plebiscito, la Coordinadora de Delegados y el<br \/>\nComit\u00e9 Ejecutivo le encomienden.<\/p>\n<p>ART\u00cdCULO 46.- Las funciones de la <strong><em>Secretar\u00eda de Actas y Acuerdos<\/em><\/strong> son:<\/p>\n<p style=\"padding-left: 40px;\">a) Levantar actas del desarrollo de las Asambleas Generales, de las resoluciones del<br \/>\nPlebiscito, de las reuniones del Comit\u00e9 Ejecutivo y Coordinadora de Delegados y<br \/>\ndar lectura de las mismas al inicio de las Asambleas y reuniones subsecuentes.<br \/>\nb) Integrar el archivo o libro de actas del Sindicato.<br \/>\nc) Las que la Asamblea General, el Plebiscito, la Coordinadora de Delegados y el<br \/>\nComit\u00e9 Ejecutivo le encomienden.<\/p>\n<p>ART\u00cdCULO 47.- Las funciones de la <strong><em>Secretar\u00eda de Deportes<\/em><\/strong> son:<\/p>\n<p style=\"padding-left: 40px;\">a) Impulsar la actividad deportiva entre los sindicalizados y sus familiares.<br \/>\nb) Promover el equipamiento adecuado para practicar alguna disciplina deportiva.<br \/>\nc) Las dem\u00e1s que la Asamblea General, el Plebiscito, y la Coordinadora de<br \/>\nDelegados y el Comit\u00e9 Ejecutivo le encomienden.<\/p>\n","protected":false},"excerpt":{"rendered":"<p>Funciones del Comit\u00e9 Ejecutivo descritas en los Estatutos del Sindicato del Personal Acad\u00e9mico de la Universidad Aut\u00f3noma de Zacatecas, reformados en septiembre de 1994. ART\u00cdCULO&#8230;<\/p>\n","protected":false},"author":5,"featured_media":0,"parent":0,"menu_order":0,"comment_status":"closed","ping_status":"closed","template":"","meta":{"jetpack_post_was_ever_published":false,"footnotes":""},"class_list":["post-6546","page","type-page","status-publish","hentry"],"jetpack_sharing_enabled":true,"jetpack_shortlink":"https:\/\/wp.me\/PaI34Y-1HA","_links":{"self":[{"href":"https:\/\/spauaz.com\/prensa2\/wp-json\/wp\/v2\/pages\/6546","targetHints":{"allow":["GET"]}}],"collection":[{"href":"https:\/\/spauaz.com\/prensa2\/wp-json\/wp\/v2\/pages"}],"about":[{"href":"https:\/\/spauaz.com\/prensa2\/wp-json\/wp\/v2\/types\/page"}],"author":[{"embeddable":true,"href":"https:\/\/spauaz.com\/prensa2\/wp-json\/wp\/v2\/users\/5"}],"replies":[{"embeddable":true,"href":"https:\/\/spauaz.com\/prensa2\/wp-json\/wp\/v2\/comments?post=6546"}],"version-history":[{"count":6,"href":"https:\/\/spauaz.com\/prensa2\/wp-json\/wp\/v2\/pages\/6546\/revisions"}],"predecessor-version":[{"id":6571,"href":"https:\/\/spauaz.com\/prensa2\/wp-json\/wp\/v2\/pages\/6546\/revisions\/6571"}],"wp:attachment":[{"href":"https:\/\/spauaz.com\/prensa2\/wp-json\/wp\/v2\/media?parent=6546"}],"curies":[{"name":"wp","href":"https:\/\/api.w.org\/{rel}","templated":true}]}}